
What is the highest common divisor of 54613 and 26?
13
Calculate the highest common divisor of 16791 and 261.
87
Calculate the greatest common factor of 81 and 108.
27
What is the greatest common divisor of 39 and 2184?
39
Calculate the greatest common factor of 1475 and 25.
25
Calculate the greatest common divisor of 45 and 4440.
15
Calculate the highest common divisor of 18 and 204.
6
Calculate the greatest common factor of 56 and 504.
56
What is the greatest common divisor of 58 and 928?
58
Calculate the greatest common factor of 64 and 1.
1
What is the highest common divisor of 10 and 85?
5
What is the highest common factor of 2367 and 9?
9
What is the highest common factor of 1160 and 1280?
40
Calculate the highest common factor of 233 and 56619.
233
Calculate the highest common divisor of 646 and 1190.
34
What is the greatest common divisor of 4 and 50?
2
What is the highest common factor of 63 and 105?
21
What is the highest common factor of 126 and 280?
14
Calculate the highest common factor of 9842 and 70.
14
Calculate the greatest common divisor of 20 and 2930.
10
What is the highest common factor of 133 and 1501?
19
What is the highest common factor of 138 and 92?
46
Calculate the greatest common factor of 70 and 530.
10
Calculate the highest common divisor of 3866 and 2.
2
What is the highest common divisor of 9997 and 52?
13
What is the greatest common factor of 66 and 594?
66
Calculate the highest common factor of 18 and 34758.
18
Calculate the greatest common divisor of 252 and 210.
42
What is the greatest common divisor of 9 and 57?
3
What is the greatest common divisor of 123 and 6?
3
What is the greatest common factor of 704 and 407?
11
What is the greatest common factor of 961 and 31?
31
Calculate the greatest common factor of 1554 and 126.
42
Calculate the greatest common factor of 33 and 9.
3
Calculate the highest common divisor of 1668 and 12.
12
Calculate the highest common divisor of 317 and 44063.
317
What is the highest common divisor of 96 and 408?
24
What is the greatest common factor of 6 and 152?
2
What is the greatest common divisor of 558 and 496?
62
What is the highest common factor of 60 and 18?
6
What is the greatest common divisor of 352 and 154?
22
Calculate the highest common factor of 155 and 7285.
155
What is the greatest common factor of 1206 and 18?
18
Calculate the greatest common factor of 175 and 50.
25
What is the greatest common divisor of 3572 and 380?
76
Calculate the greatest common divisor of 28 and 16.
4
What is the greatest common divisor of 72 and 18?
18
Calculate the greatest common divisor of 82 and 2419.
41
What is the greatest common divisor of 2 and 23?
1
Calculate the greatest common divisor of 6 and 8.
2
Calculate the greatest common divisor of 416 and 78.
26
What is the highest common factor of 45 and 495?
45
Calculate the greatest common factor of 3 and 27.
3
Calculate the greatest common factor of 9 and 5.
1
What is the highest common factor of 400 and 150?
50
What is the highest common factor of 2706 and 1107?
123
What is the highest common divisor of 90 and 80?
10
Calculate the greatest common factor of 90 and 495.
45
What is the greatest common divisor of 524 and 8?
4
Calculate the greatest common divisor of 187 and 85.
17
What is the greatest common factor of 28 and 21?
7
Calculate the greatest common divisor of 11 and 2497.
11
Calculate the greatest common divisor of 1209 and 465.
93
Calculate the greatest common divisor of 3 and 15.
3
Calculate the greatest common factor of 474 and 395.
79
What is the greatest common divisor of 8 and 46?
2
What is the highest common divisor of 4247 and 1096?
137
What is the highest common divisor of 55 and 99?
11
Calculate the greatest common divisor of 20 and 4.
4
What is the greatest common factor of 60 and 78?
6
What is the greatest common factor of 508 and 12?
4
Calculate the highest common divisor of 12 and 258.
6
What is the greatest common factor of 5976 and 32?
8
Calculate the greatest common divisor of 60 and 228.
12
Calculate the greatest common divisor of 644 and 1148.
28
What is the greatest common factor of 270 and 2820?
30
Calculate the greatest common divisor of 2714 and 23.
23
Calculate the greatest common divisor of 98 and 441.
49
What is the highest common divisor of 86 and 47644?
86
Calculate the greatest common divisor of 160 and 120.
40
Calculate the greatest common factor of 1020 and 3450.
30
What is the highest common divisor of 170 and 80?
10
What is the highest common factor of 5182 and 2?
2
Calculate the highest common factor of 1843 and 291.
97
Calculate the greatest common factor of 68 and 51.
17
Calculate the greatest common divisor of 2 and 223.
1
Calculate the greatest common divisor of 2324 and 20.
4
Calculate the greatest common factor of 93 and 403.
31
What is the greatest common divisor of 6025 and 275?
25
Calculate the greatest common divisor of 986 and 1020.
34
Calculate the greatest common divisor of 94 and 1786.
94
Calculate the greatest common divisor of 63 and 42.
21
Calculate the greatest common factor of 1605 and 15.
15
What is the greatest common factor of 144 and 1260?
36
Calculate the greatest common divisor of 225 and 100.
25
Calculate the greatest common factor of 64 and 64.
64
What is the highest common divisor of 4400 and 132?
44
Calculate the greatest common factor of 18 and 486.
18
What is the highest common factor of 30 and 24?
6
Calculate the greatest common factor of 24 and 138.
6
What is the highest common factor of 826 and 28?
14
Calculate the highest common divisor of 10 and 2285.
5
Calculate the greatest common factor of 52 and 3328.
52
What is the greatest common factor of 165 and 690?
15
Calculate the highest common divisor of 6061 and 1045.
209
What is the highest common divisor of 273 and 4524?
39
Calculate the highest common divisor of 1575 and 3825.
225
Calculate the greatest common factor of 268 and 603.
67
What is the greatest common factor of 56 and 320?
8
Calculate the highest common divisor of 600 and 225.
75
What is the greatest common divisor of 174 and 5394?
174
What is the greatest common divisor of 231 and 154?
77
Calculate the highest common divisor of 40 and 1000.
40
What is the highest common factor of 39 and 975?
39
What is the highest common divisor of 498 and 18?
6
What is the highest common divisor of 453 and 302?
151
What is the greatest common divisor of 1339 and 481?
13
What is the highest common factor of 96 and 648?
24
Calculate the highest common factor of 139 and 9313.
139
Calculate the greatest common divisor of 11590 and 2.
2
Calculate the highest common divisor of 198 and 126.
18
What is the greatest common divisor of 7 and 567?
7
What is the greatest common divisor of 3 and 5?
1
Calculate the greatest common factor of 9 and 879.
3
Calculate the greatest common divisor of 146 and 13067.
73
Calculate the greatest common divisor of 5166 and 4.
2
What is the highest common factor of 16 and 16?
16
Calculate the greatest common divisor of 432 and 48.
48
Calculate the highest common divisor of 31 and 403.
31
What is the greatest common factor of 41937 and 21?
21
What is the greatest common divisor of 1216 and 64?
64
What is the highest common divisor of 199 and 27?
1
Calculate the highest common divisor of 204 and 48.
12
Calculate the greatest common factor of 774 and 344.
86
Calculate the highest common factor of 364 and 112.
28
Calculate the highest common factor of 2748 and 12.
12
Calculate the greatest common divisor of 129 and 1333.
43
What is the highest common divisor of 5828 and 188?
188
Calculate the greatest common divisor of 2727 and 707.
101
Calculate the highest common factor of 2260 and 20.
20
Calculate the highest common factor of 14196 and 28.
28
Calculate the greatest common factor of 54 and 666.
18
Calculate the greatest common divisor of 575 and 23.
23
What is the highest common divisor of 56 and 35?
7
What is the greatest common divisor of 3122 and 70?
14
What is the highest common factor of 189 and 2667?
21
What is the highest common divisor of 1342 and 22?
22
What is the highest common divisor of 1000 and 120?
40
Calculate the greatest common divisor of 162 and 12.
6
What is the greatest common divisor of 15576 and 396?
132
Calcu